 m. Suppose 0 = o*s - 3*s - 447. Is s prime?
False
Suppose 5*f - 14*l + 13*l - 559 = 0, -2*f - 4*l = -206. Is f composite?
True
Let o(b) = 22*b - 2 + 13*b - 2 - 14*b. Let c be (4 - 4) + (-14)/(-2). Is o(c) a composite number?
True
Suppose -4*t + 0*t = -28. Let y = t + 76. Is y composite?
False
Suppose 3*j + 2*j - 60 = 0. Is 27/2 - j/(-8) composite?
True
Let k(h) be the first derivative of h**4/4 + 2*h**3/3 + 3*h**2/2 - h - 10. Let i = 8 + -5. Is k(i) a prime number?
True
Let w be (-6503)/(-1) + 8 + -8. Suppose -3*b - 8871 + 2368 = -s, -5*b + w = s. Is s a composite number?
True
Let z(t) = 5*t**2 - t - 25. Let r(u) = 6*u**2 - u - 24. Let h(x) = 4*r(x) - 3*z(x). Is h(-4) a composite number?
False
Suppose -8*y + 40 = 2*y. Is (y - 2)*(-2234)/(-4) composite?
False
Suppose -5*q - 40 = 6*d - d, 5*q = 5*d. Let p(k) = 2*k + 10. Let g be p(d). Suppose -g*t = -11 - 19. Is t a prime number?
False
Let y be (-75)/20 + 2/(-16)*2. Is (32/(-28))/y + (-32910)/(-14) a prime number?
True
Suppose -3 = -f - l, -9 = -5*f + 4*l - 3*l. Suppose -8 = 2*k - f*w, -5*k + 8*k - 5*w + 20 = 0. Suppose -x + 5*g + 221 = 0, 2 = -g - k. Is x a composite number?
False
Let r = -6 + 4. Let y(s) = 21*s + 13. Let z(a) = 21*a + 17. Let h(n) = -3*y(n) + 2*z(n). Is h(r) composite?
False
Let w(y) = -420*y - 293. Is w(-10) composite?
False
Let i = 15 - 15. Suppose -o - j = -i*j - 8, -5*o + 8 = -3*j. Suppose -o*d + 40 + 426 = -2*u, 3*u = 15. Is d a composite number?
True
Let f(p) = -258*p**3 - p**2 + 33*p - 7. Is f(-6) a composite number?
False
Let y(z) = z + 2*z - 6*z + 5*z**2 + z**3 - 2*z. Let w(t) = -t**3 - 4*t**2 + 5*t + 1. Let h(a) = 2*w(a) + 3*y(a). Is h(-7) composite?
False
Suppose -5*h + 4*h + 10 = 3*x, 2*h + 2 = 5*x. Let o be 11/x + 3/6. Is 86 + o/(-4)*2 prime?
True
Suppose -2*v + 3*v = 3*q + 16, 3*v - 28 = 4*q. Is 1945/v + (-27)/(-36) composite?
False
Suppose 2933 = 3*m + 128. Let a = 0 + 0. Suppose -4*i - i + m = a. Is i composite?
True
Let j(n) = -2*n**3 + 10*n**2 - 13*n - 14. Is j(-19) a composite number?
True
Let k = 2042 + 791. Is k prime?
True
Is -2*(33066/(-12) + 5) a prime number?
True
Let z = 5491 + 4108. Is z composite?
True
Let i = 214 - -15. Is (-2)/(-3) - i/(-3) composite?
True
Let w be 0/(-2)*(3/(-2))/(-3). Suppose -4*y = p + 2*p - 167, -p + 3*y + 60 = w. Is p a prime number?
False
Suppose -5*g + 43 = -47. Let c be 147 - (-4 + g/3). Suppose -c = -3*s - 46. Is s composite?
True
Let u = 70 - -28. Let b = u + 29. Is b prime?
True
Suppose 87*u = 85*u + 41482. Is u a prime number?
False
Suppose 5*v - m + 6228 = 50198, v + 4*m - 8815 = 0. Is v composite?
True
Let n(x) = 994*x**2 + 7*x + 11. Is n(-2) composite?
True
Suppose 3*o - 146 - 361 = 0. Suppose -o = -5*p + 116. Is p a composite number?
True
Let z be 2/(-2)*-1*5. Suppose -3785 = z*f - 10*f. Is f a prime number?
True
Let b = 11371 + -3540. Is b a composite number?
True
Let c(m) = 5381*m**2 - 5*m + 22. Is c(5) a prime number?
False
Let d be 6816/7 - ((-10)/35)/1. Suppose i = -x - i + 324, -3*x + d = 4*i. Is x a composite number?
True
Let o(y) = -4 + 3 - 1 - 38*y. Is o(-2) a prime number?
False
Let i(h) = 101*h - 48 - 12*h - 34*h. Is i(13) prime?
False
Suppose -1748 = -5*o + 822. Let d = -33 + o. Is d a composite number?
True
Let s(h) = h**2 - 3*h. Let k be s(4). Suppose -k*j = -6 - 2. Is (-4 + 0 - -891) + j composite?
True
Let h be (-5)/(-2)*(-6)/(-5). Suppose c = h*c. Is (-3 - -4) + c - -412 a composite number?
True
Let h be (-12)/((-12)/3) + 124. Let r = 392 - h. Is r a composite number?
True
Let y be -7 - -10 - (1 + 69). Let d = 32 + y. Let m = d - -246. Is m composite?
False
Let a(p) = 23*p - 131. Is a(20) a composite number?
True
Let m(l) = 63*l**2 + 7*l - 9. Let y be m(3). Suppose 0 = 3*p - 5*a + 2*a - y, -p - a = -189. Is p a prime number?
True
Let l(q) = -5*q - 2. Let k be l(-4). Let o = -27 + k. Is 1 + -2 - (-30 + o) composite?
True
Is (-2)/(-14) - (-1332684)/126 prime?
False
Let p(a) = 6*a**3 - 11*a**2 + 10. Is p(12) a prime number?
False
Let c(b) be the third derivative of -b**5/30 - 31*b**4/12 + 3*b**3/2 + 42*b**2. Is c(-28) a composite number?
True
Let w = 13 + -13. Suppose -2*b - q + 3*q = 0, -b + 4*q = w. Suppose b = -6*h + 384 + 414. Is h a composite number?
True
Let t be (-10)/(-45) - (-4)/(-18). Suppose -2*i + 2*c + 516 = 0, 0 = -i - t*i - 3*c + 238. Is i a composite number?
True
Suppose 3*a - 5*u - 408919 = 0, 2*a + 136297 = 3*a + 3*u. Is a a prime number?
True
Suppose 3*k = 8*k - 13155. Suppose -3*r + k = 3*z, -3*r + 2*z - 4*z + 2633 = 0. Is r composite?
True
Let a = -16592 - -27771. Is a a composite number?
True
Suppose 253 = -4*h + 1417. Is h composite?
True
Let q(m) be the second derivative of -181*m**3/6 - 3*m**2 + 10*m. Let g(y) = -y + 1. Let p(h) = -4*g(h) - q(h). Is p(3) a prime number?
True
Let a(u) = 3*u**2 - 7*u + 18. Let s be a(12). Suppose -t - s = -3103. Suppose -6*k = -t - 509. Is k composite?
False
Is (-83076)/(-16) - (-25)/(-20) a prime number?
False
Suppose 0 = 3*y - 2*b - 3872, -3*y - b + 658 = -3220. Suppose 9*s - 13*s + y = 0. Is s a prime number?
False
Let z = -7 + 7. Suppose 2*s + z = x - 12, 0 = -4*x + 3*s + 48. Suppose 0 = 3*y - x, -4*u + 2*y = -2*y - 132. Is u a composite number?
False
Let m = 3 + -1. Suppose 0 = -3*w - 0*w + 12. Suppose -m*r + 5*a = -97, 5*r - w*r + 3*a - 54 = 0. Is r prime?
False
Let q = -1 + 13. Let v be (19 - q)*10/14. Suppose v*y - 73 - 672 = 0. Is y a prime number?
True
Let a be 3 - 2 - -4 - -162. Is 1*a + -17 + 13 prime?
True
Let x(o) = 20*o**3 - 4*o**2 + 2*o + 4. Let l be x(-3). Let i = -419 - -1488. Let s = l + i. Is s prime?
True
Is 11/44 - (-53289)/12 a prime number?
True
Let o = 33146 - -659. Is o a prime number?
False
Let b(m) = -m - 7. Suppose -3*p + 6 = -2*u - 2, 2*p = 3*u + 22. Let j be b(u). Suppose 0 = j*r - 212 - 667. Is r prime?
True
Let w(m) = -539*m + 2. Let h(b) = -b**3 + 5*b**2 - 2*b + 9. Let y be h(5). Is w(y) composite?
False
Let t(o) = -5*o**3 + 8*o - 1. Is t(-4) prime?
False
Suppose 0 = 5*z - 2*w - 4, -w - w = 2*z + 4. Is (3 + 1 - z)*191/4 a composite number?
False
Let h(l) = 10*l**3 - l**2 + 4*l - 7. Let a be h(3). Suppose 0 = -3*f - 4*t + a, -2*t = -2*f + 144 + 52. Let j = f + -35. Is j prime?
True
Let k(d) = 228*d**2 - 4*d + 3. Let x(p) = p**3 + 2*p + 2. Let a be x(0). Is k(a) prime?
True
Suppose 0 = 3*d - 14 - 1. Suppose d*j = 13 + 7. Suppose 1815 = 5*o - 0*o - 5*p, -2*p + j = 0. Is o prime?
False
Suppose 34*f + 3845 = 29*f. Let i = f - -1150. Is i composite?
True
Let a(l) = 3450*l + 65. Is a(17) a prime number?
False
Let u be (-9)/2*(-48)/18. Let t(o) = o**2 - 12*o. Let d be t(u). Suppose 145 = 4*s - j - 267, d = 2*s + 5*j - 206. Is s a composite number?
False
Let h(w) be the third derivative of -w**6/120 + 2*w**5/15 + 3*w**4/8 - 5*w**3/6 - 5*w**2. Let y be h(9). Let t(i) = -3*i**3 - 5*i**2 + 8*i + 4. Is t(y) prime?
False
Let p(l) = -2*l + 5. Let o be p(-4). Let y(k) = k**3 - 4*k**2 + 2*k + 3. Let i be y(3). Let c = o - i. Is c composite?
False
Suppose 43*z = -3*z + 2080718. Is z composite?
False
Suppose -3*k = 4*j - 46010, k - 8007 = -5*j + 7326. Is k a composite number?
True
Suppose -23 = -k + 616. Suppose o - 65 = k. Let v = o + -147. Is v a composite number?
False
Let w = -15186 + 25936. Suppose -2106 = 4*i - w. Is i a prime number?
True
Let r(i) = 14257*i**3 - 4*i**2 - 2*i + 2. Is r(1) composite?
True
Suppose 8*v = 7*v + 7901. Is v prime?
True
Let c(g) be the first derivative of -57*g**4/2 - g**3/3 - g**2/2 - g - 2. Let y = 47 + -48. Is c(y) a composite number?
False
Suppose z - 48073 = -10*a + 9*a, -5*z + 4*a = -240365. Is z prime?
True
Suppose -18*q + 13*q + 66425 = 0. Suppose 8*b - 3*b = q. Is b a prime number?
True
Suppose 0 = -h - h. Suppose -t - 4*t = h. Suppose l - 3*l = o - 321, t = -l + 1. Is o a prime number?
False
Suppose -8*q + 58049 = -27143. Is q prime?
False
Let o be 950/2 + (3 - 0). Suppose o = 2*l + 102. Suppose 2*b = -2*b + l. Is b composite?
False
Let a be 802 - (1 - 1 - 1)*0. Let w = a - 525. Is w a composite number?
False
Let k be ((-14)/6)/(1 - 6/9). Is (-2)/k + (2208/14 - 1) composite?
False
Suppose 2*o + 3 - 9 = 0. Suppose -15630 = -o*r - 7*r. Is r a prime number?
False
Let m(z) = z + 15. Suppose 0*d = -3*d - 15. Let h be m(d). Let v = h - 7. Is v a composite number?
False
Suppose -w + 5*m + 